{"id":3601,"date":"2023-11-29T01:55:24","date_gmt":"2023-11-29T01:55:24","guid":{"rendered":"http:\/\/www.bravoconsultoressas.com\/sitio\/?page_id=3601"},"modified":"2025-02-28T15:01:28","modified_gmt":"2025-02-28T15:01:28","slug":"consultoria-marketing","status":"publish","type":"page","link":"https:\/\/www.bravoconsultoressas.com\/sitio\/consultoria-marketing\/","title":{"rendered":"Consultor\u00eda en Marketing"},"content":{"rendered":"<div class=\"wpb-content-wrapper\"><p>[vc_row][vc_column width=&#8221;1\/2&#8243;][vc_single_image image=&#8221;3666&#8243; img_size=&#8221;full&#8221; alignment=&#8221;center&#8221; css=&#8221;.vc_custom_1740079773867{margin-bottom: 0px !important;}&#8221;][\/vc_column][vc_column width=&#8221;1\/2&#8243;][heading title=&#8221;Consultor\u00eda en Marketing&#8221; style=&#8221;8&#8243;][vc_column_text]<\/p>\n<ul>\n<li>Dise\u00f1o del Plan de Marketing<\/li>\n<li>Investigaci\u00f3n de Mercados<\/li>\n<li>Marketing Digital<\/li>\n<li>Emprendimiento y Planes de Negocio<\/li>\n<li>Innovaci\u00f3n Empresarial<\/li>\n<li>Vigilancia Tecnol\u00f3gica<\/li>\n<li>Prototipado de Productos<\/li>\n<\/ul>\n<p>[\/vc_column_text][\/vc_column][\/vc_row]<\/p>\n<\/div>","protected":false},"excerpt":{"rendered":"<p>[vc_row][vc_column width=&#8221;1\/2&#8243;][vc_single_image image=&#8221;3666&#8243; img_size=&#8221;full&#8221; alignment=&#8221;center&#8221; css=&#8221;.vc_custom_1740079773867{margin-bottom: 0px !important;}&#8221;][\/vc_column][vc_column width=&#8221;1\/2&#8243;][heading title=&#8221;Consultor\u00eda en Marketing&#8221; style=&#8221;8&#8243;][vc_column_text] Dise\u00f1o del Plan de Marketing Investigaci\u00f3n de Mercados Marketing Digital Emprendimiento y Planes de Negocio Innovaci\u00f3n Empresarial Vigilancia Tecnol\u00f3gica Prototipado de Productos [\/vc_column_text][\/vc_column][\/vc_row]<\/p>\n","protected":false},"author":1,"featured_media":0,"parent":0,"menu_order":0,"comment_status":"open","ping_status":"closed","template":"full-width.php","meta":{"_joinchat":[],"footnotes":""},"class_list":["post-3601","page","type-page","status-publish","hentry"],"_links":{"self":[{"href":"https:\/\/www.bravoconsultoressas.com\/sitio\/wp-json\/wp\/v2\/pages\/3601","targetHints":{"allow":["GET"]}}],"collection":[{"href":"https:\/\/www.bravoconsultoressas.com\/sitio\/wp-json\/wp\/v2\/pages"}],"about":[{"href":"https:\/\/www.bravoconsultoressas.com\/sitio\/wp-json\/wp\/v2\/types\/page"}],"author":[{"embeddable":true,"href":"https:\/\/www.bravoconsultoressas.com\/sitio\/wp-json\/wp\/v2\/users\/1"}],"replies":[{"embeddable":true,"href":"https:\/\/www.bravoconsultoressas.com\/sitio\/wp-json\/wp\/v2\/comments?post=3601"}],"version-history":[{"count":9,"href":"https:\/\/www.bravoconsultoressas.com\/sitio\/wp-json\/wp\/v2\/pages\/3601\/revisions"}],"predecessor-version":[{"id":3692,"href":"https:\/\/www.bravoconsultoressas.com\/sitio\/wp-json\/wp\/v2\/pages\/3601\/revisions\/3692"}],"wp:attachment":[{"href":"https:\/\/www.bravoconsultoressas.com\/sitio\/wp-json\/wp\/v2\/media?parent=3601"}],"curies":[{"name":"wp","href":"https:\/\/api.w.org\/{rel}","templated":true}]}}